s divided by 28.
17
Let s = -366 + 534. What is the remainder when s is divided by 56?
0
Suppose 2*y + 134 = 4*d, 5*d - d = y + 135. Calculate the remainder when 167 is divided by d.
31
Let o(v) = -11*v + 345. Calculate the remainder when o(8) is divided by 19.
10
Let y(b) = 19*b**2 + 1. Let f = 15 + -16. What is the remainder when 79 is divided by y(f)?
19
Let v(k) = k**3 + 3*k**2 - 10*k - 9. Let y be v(5). Suppose -5*d - 5*x - 41 + y = 0, -5*d - 3*x + 92 = 0. Calculate the remainder when 111 is divided by d.
15
Suppose 15 - 7 = -4*n. Let m(s) = s**3 - 13*s**2 - 16*s + 32. Calculate the remainder when -3 - 39/(n + -1) is divided by m(14).
2
What is the remainder when 228 + 6 + (-24)/6 is divided by 26?
22
Suppose 2*c = -2*c + 144. Let d = c - 18. Suppose -3*p - 61 = -3*w + 95, 3*w = -4*p + 149. Calculate the remainder when w is divided by d.
15
Let s(b) = -2*b**2 + 7*b - 5. Let n be s(4). What is the remainder when 4/((-72)/(-634)) - (-2)/n is divided by 19?
16
Let j(a) be the first derivative of a**4/4 + 4*a**3/3 + 2*a - 4. What is the remainder when j(-3) is divided by 8?
3
Let v(y) = 2*y**2 - 7. Calculate the remainder when 306 is divided by v(3).
9
Let y = -59 - -476. What is the remainder when y is divided by 10?
7
Suppose 4*y = 13 + 43. Let w(a) = a**3 + 7*a**2 + 6*a - 5. What is the remainder when (-1)/5*0 + y*2 is divided by w(-5)?
13
Let r = 2903 - 2880. Suppose -q - 2*q + 270 = 0. What is the remainder when q is divided by r?
21
Calculate the remainder when 14/(6/(-780)*-5) is divided by 74.
68
Let d = 24 + -12. Let l(v) = 2*v**2 + 14*v + 17. Let j be l(-6). Suppose -x + 4*s = 3, -3*s - 41 = -j*x + d. Calculate the remainder when 51 is divided by x.
12
Let w(i) be the third derivative of -i**4/8 + 2*i**3 - i**2. Let j(a) = 4*a + 7. Let q be j(-5). Calculate the remainder when w(q) is divided by 13.
12
Suppose 7*v - 5*v = -4. Calculate the remainder when 91/2 + (v - 3/(-2)) is divided by 24.
21
Let z = 12 - 5. Let g(t) = -t**3 - 9*t**2 - 12*t - 28. Calculate the remainder when z is divided by g(-8).
3
Let h = 383 - 371. Suppose 0*i = -4*i + 108. Suppose -i - 203 = -5*u. What is the remainder when u is divided by h?
10
Let g(t) = 8*t - 6. Let p(o) = -o + 35. Let m be p(0). Calculate the remainder when g(4) is divided by 294/m - (-6)/10.
8
Let c(l) = -l**3 - 5*l**2 - 3*l - 5. Let w(v) = v - 3. Let k be w(9). What is the remainder when (k + -8)/((-2)/19) is divided by c(-5)?
9
Suppose 3*w + 3*w + 120 = 0. Let z = w - -28. What is the remainder when 13 is divided by z?
5
Let v = 16 + 18. Let c = -1 - 3. Calculate the remainder when v is divided by (0 - 1)/(c/(-1 + 77)).
15
Let l = -165 + 149. Let i = 46 + l. What is the remainder when 59 is divided by i?
29
Let l = -207 - -125. Let w = -62 - l. What is the remainder when 78 is divided by w?
18
Suppose 5 = 2*w - 3. Suppose -h + 2*j - 3 = -0*j, -w*h + 2*j + 18 = 0. Let t = -10 - -21. Calculate the remainder when t is divided by h.
4
Let r = -18 - -38. What is the remainder when ((-102)/4)/((-15)/r) is divided by 5?
4
Suppose 5*f = 4*o + 899, -4*f + 0*o + 716 = -4*o. What is the remainder when f is divided by 27?
21
Let s(z) = -z + 6. Let q be s(2). Suppose -k = -0*k - q*n - 18, 3*k + n = 28. Let u = 67 - 40. What is the remainder when u is divided by k?
7
Let u(r) = -538*r**3 - 1. Let c be u(-1). Let a be (1 + 3)/((-3)/c). What is the remainder when 4/(-6) + a/(-12) is divided by 20?
19
Let s = 7 + -15. Let c(g) = -g**3 + 7*g**2 - 5*g - 5. Calculate the remainder when c(5) is divided by 12/s*44/(-6).
9
Let h(f) = 3*f**2 + 3*f - 2. What is the remainder when h(3) is divided by (-2)/(-3)*-12 + 13?
4
Let g(o) = o**2 + 18*o - 17. Let k be g(-19). Calculate the remainder when 18 is divided by ((-3)/k)/(36/(-264)).
7
Let u(w) = -6*w - 22 + 22 + w**2. Let l be u(6). Suppose -4*a + l*o = o - 12, 0 = -2*a - 2*o. What is the remainder when 12 is divided by a?
0
Suppose -3*n + 67 = n + 5*b, 3*n + 5*b = 54. Let h = n + 6. Calculate the remainder when 55 is divided by h.
17
What is the remainder when 9 is divided by 3/4 - (-4)/16?
0
Let h = 295 + -224. Calculate the remainder when h is divided by 18.
17
Suppose 6*a - 485 = -91*a. Let c(h) = h**2 - 2*h + 5. Let m(k) = -k**3 + 5*k**2 + 7*k - 2. Let u be m(6). What is the remainder when c(u) is divided by a?
3
Suppose 3*l = -2*j + 74, 5*l - j - 155 = 2*j. Suppose d + 5 - l = 0. What is the remainder when d is divided by 12?
11
Let v = 6 - 3. Suppose -14 = -2*c - 5*q, v*c - 4*c + 5*q + 37 = 0. Suppose 0 = -5*r - 25, 23*l = 19*l - 5*r + 171. What is the remainder when l is divided by c?
15
Suppose -4 = -d + 5*h, -40*h = -3*d - 36*h + 56. What is the remainder when 101 is divided by d?
5
Suppose -3*p = -i - 34, -3*p = 2*p - i - 56. Let j(z) = -z**2 + 10*z - 11. Let w be j(9). Let m = p - w. What is the remainder when 25 is divided by m?
12
Let u = 11 - 10. Suppose -j = -u, -2 = -m + 5*j - 1. Calculate the remainder when 31 is divided by 8/m + 44/3.
15
Let b(h) = -71*h - 1021. What is the remainder when b(-19) is divided by 10?
8
Let m(a) = 13*a**2 - 35*a - 61. Calculate the remainder when m(-2) is divided by 33.
28
Suppose 22*a + 53 = 24*a + u, 3*a - 99 = 5*u. What is the remainder when 96 is divided by a?
12
Calculate the remainder when 334 is divided by (-4)/(-26) + (-6400)/(-650).
4
Suppose 5*d = 2*g + 266, 5*g - 41 = -d + 23. What is the remainder when 587 is divided by d?
47
Suppose 0 = -5*l - 5*v + 15, 2*v = -3*l - 0*v + 9. Suppose 0*b + 128 = 3*b + h, -218 = -5*b + l*h. Calculate the remainder when 126 is divided by b.
40
Suppose 7*k - 3*k - 4*a = 28, 3*a = 5*k - 45. Calculate the remainder when k is divided by 5.
2
Let a(x) = -x**2 + 5*x - 3. Let v be a(4). Calculate the remainder when 32/v*(-3 + 4) is divided by 17.
15
Suppose 3*f + 2*d = 864, 3*f - 2*d = -0*f + 876. Calculate the remainder when f is divided by 21.
17
Suppose 4*h + 4*t = 44, 3*t + 20 = 7*t. Suppose 213 = 12*v - 1695. Suppose -v = -h*l + 375. What is the remainder when l is divided by 23?
20
Suppose 0 = 5*i - 2*t - 116, -4*t = 6 + 6. Let l = 79 + -37. What is the remainder when l is divided by i?
20
Let j = -606 + 643. Calculate the remainder when 108 is divided by j.
34
Let z = 10180 - 10177. Let x(k) = -k - 3. Let p = -17 + 11. Calculate the remainder when x(p) is divided by z.
0
Suppose -2*c + 46 = -76. Suppose 0 = -2*h + 25 + 13. Let g = 2 + h. What is the remainder when c is divided by g?
19
Let q = -2 - -5. Let s(f) = 2*f**3 - 4*f**2 + f - 3. Calculate the remainder when s(4) is divided by (-17)/(-1*q/3).
14
Suppose 0 - 15 = -5*l, 2*z - l + 289 = 0. Calculate the remainder when 154/33*6/7 - z is divided by 37.
36
Let m = -4 - -107. Suppose -2*w + 207 = -m. What is the remainder when w is divided by 52?
51
Let j = 94 - 53. Let k be 4*j/1*2. Suppose -5 = -3*s + k. Calculate the remainder when s is divided by 28.
27
Let m = 84 - -101. What is the remainder when m is divided by 31?
30
Suppose 212*f - 4498 = 39*f. Let k(u) = -u + 1. Let r be k(-3). Suppose 0 = -r*i + 30 - 2. What is the remainder when f is divided by i?
5
Let v be (3 + -4)/(1/11). What is the remainder when 1430/132 + (-1)/(-6) is divided by (v + 1)*(-4)/5?
3
Let o = 40 - 68. Let u = o + 39. Let l = 2 - -41. What is the remainder when l is divided by u?
10
Let j(u) = -u**3 + 6*u**2 + 3*u - 7. Let g = -2 - -8. What is the remainder when 5/(-10)*(-324)/3 is divided by j(g)?
10
Calculate the remainder when 78 is divided by ((-4)/8)/(18/(-1044)).
20
Let n be 3*1 + (-13)/13. Let b be n/6 - 128/(-48). Suppose b*a - 13 = l, -a - 30 = -5*a - 5*l. Calculate the remainder when 18 is divided by a.
3
Let h(o) = 3*o - 17. Calculate the remainder when 75 is divided by h(8).
5
Let d(b) = b**2 + 6*b + 13. Let k be d(-12). Suppose 5*i = -h - 4*h + k, 4*i + 52 = 2*h. Let q = -6 - -44. Calculate the remainder when q is divided by h.
18
Let f(w) = w**3 + 2*w**2 + 2. Suppose 4*u - o - 2 = 5*u, -u = 5*o + 22. What is the remainder when u is divided by f(-2)?
1
Suppose 2*p + 2*h = 7*p - 1959, 0 = -3*p + h + 1176. Calculate the remainder when p is divided by 18.
15
Suppose -2*s + r + 281 = 0, -5*s + 1032 = 3*r + 324. Calculate the remainder when s is divided by 24.
21
Suppose -10*x - z - 617 = -12*x, 2*x = 3*z + 615. What is the remai